ed by 110.
12
Calculate the remainder when 126 is divided by 13.
9
Calculate the remainder when 2039 is divided by 29.
9
Calculate the remainder when 106 is divided by 14.
8
What is the remainder when 105 is divided by 100?
5
Calculate the remainder when 2051 is divided by 53.
37
Calculate the remainder when 500 is divided by 86.
70
Calculate the remainder when 2841 is divided by 7.
6
Calculate the remainder when 6911 is divided by 54.
53
What is the remainder when 232 is divided by 9?
7
What is the remainder when 1241 is divided by 4?
1
Calculate the remainder when 12794 is divided by 14.
12
Calculate the remainder when 22076 is divided by 80.
76
Calculate the remainder when 171 is divided by 5.
1
Calculate the remainder when 447 is divided by 93.
75
Calculate the remainder when 2195 is divided by 61.
60
What is the remainder when 118 is divided by 33?
19
Calculate the remainder when 383 is divided by 13.
6
Calculate the remainder when 740 is divided by 14.
12
What is the remainder when 1526 is divided by 45?
41
What is the remainder when 815 is divided by 4?
3
What is the remainder when 1413 is divided by 40?
13
What is the remainder when 14352 is divided by 18?
6
What is the remainder when 126 is divided by 94?
32
Calculate the remainder when 395 is divided by 18.
17
Calculate the remainder when 15539 is divided by 259.
258
What is the remainder when 498 is divided by 259?
239
What is the remainder when 203 is divided by 24?
11
What is the remainder when 9574 is divided by 133?
131
Calculate the remainder when 116 is divided by 32.
20
What is the remainder when 137 is divided by 30?
17
What is the remainder when 3624 is divided by 117?
114
What is the remainder when 42 is divided by 33?
9
What is the remainder when 90 is divided by 13?
12
What is the remainder when 83 is divided by 64?
19
Calculate the remainder when 242 is divided by 43.
27
Calculate the remainder when 239 is divided by 48.
47
Calculate the remainder when 359 is divided by 36.
35
What is the remainder when 24886 is divided by 136?
134
Calculate the remainder when 761 is divided by 46.
25
What is the remainder when 324 is divided by 83?
75
Calculate the remainder when 398 is divided by 135.
128
What is the remainder when 240 is divided by 66?
42
What is the remainder when 557 is divided by 13?
11
Calculate the remainder when 178 is divided by 45.
43
What is the remainder when 1545 is divided by 129?
126
What is the remainder when 178 is divided by 9?
7
Calculate the remainder when 3296 is divided by 30.
26
What is the remainder when 276 is divided by 273?
3
What is the remainder when 183 is divided by 31?
28
Calculate the remainder when 1417 is divided by 419.
160
Calculate the remainder when 192 is divided by 139.
53
Calculate the remainder when 580 is divided by 190.
10
Calculate the remainder when 984 is divided by 34.
32
Calculate the remainder when 84 is divided by 7.
0
What is the remainder when 344 is divided by 40?
24
Calculate the remainder when 2962 is divided by 13.
11
What is the remainder when 188 is divided by 97?
91
Calculate the remainder when 185 is divided by 6.
5
Calculate the remainder when 143 is divided by 27.
8
What is the remainder when 1334 is divided by 79?
70
Calculate the remainder when 181 is divided by 86.
9
Calculate the remainder when 261 is divided by 4.
1
What is the remainder when 41 is divided by 38?
3
Calculate the remainder when 314 is divided by 48.
26
Calculate the remainder when 1496 is divided by 150.
146
Calculate the remainder when 324 is divided by 13.
12
Calculate the remainder when 474 is divided by 230.
14
Calculate the remainder when 278 is divided by 86.
20
Calculate the remainder when 1470 is divided by 16.
14
What is the remainder when 24808 is divided by 15?
13
Calculate the remainder when 57 is divided by 46.
11
What is the remainder when 106 is divided by 59?
47
Calculate the remainder when 293 is divided by 94.
11
Calculate the remainder when 133 is divided by 10.
3
Calculate the remainder when 3495 is divided by 13.
11
What is the remainder when 131 is divided by 48?
35
What is the remainder when 58 is divided by 6?
4
What is the remainder when 395 is divided by 11?
10
Calculate the remainder when 4017 is divided by 4017.
0
What is the remainder when 454 is divided by 19?
17
What is the remainder when 369 is divided by 8?
1
What is the remainder when 5104 is divided by 74?
72
Calculate the remainder when 60 is divided by 31.
29
What is the remainder when 227 is divided by 19?
18
What is the remainder when 382 is divided by 107?
61
Calculate the remainder when 460 is divided by 42.
40
What is the remainder when 135 is divided by 35?
30
Calculate the remainder when 292 is divided by 40.
12
What is the remainder when 325 is divided by 34?
19
What is the remainder when 577 is divided by 34?
33
What is the remainder when 63 is divided by 34?
29
Calculate the remainder when 1180 is divided by 13.
10
Calculate the remainder when 789 is divided by 129.
15
What is the remainder when 2594 is divided by 118?
116
Calculate the remainder when 75 is divided by 26.
23
Calculate the remainder when 94 is divided by 3.
1
What is the remainder when 2298 is divided by 46?
44
What is the remainder when 124 is divided by 37?
13
What is the remainder when 136 is divided by 52?
32
What is the remainder when 134 is divided by 15?
14
Calculate the remainder when 751 is divided by 741.
10
Calculate the remainder when 52 is divided by 27.
25
What is the remainder when 834 is divided by 14?
8
Calculate the remainder when 1085 is divided by 64.
61
Calculate the remainder when 2287 is divided by 32.
15
What is the remainder when 315 is divided by 43?
14
Calculate the remainder when 175 is divided by 30.
25
What is the remainder when 385 is divided by 52?
21
What is the remainder when 40181 is divided by 37?
36
Calculate the remainder when 2916 is divided by 34.
26
What is the remainder when 164 is divided by 65?
34
Calculate the remainder when 2208 is divided by 33.
30
What is the remainder when 508 is divided by 503?
5
What is the remainder when 4243 is divided by 1413?
4
Calculate the remainder when 3546 is divided by 91.
88
Calculate the remainder when 599 is divided by 28.
11
What is the remainder when 474 is divided by 68?
66
Calculate the remainder when 77 is divided by 52.
25
Calculate the remainder when 25 is divided by 15.
10
Calculate the remainder when 505 is divided by 219.
67
Calculate the remainder when 693 is divided by 116.
113
What is the remainder when 725 is divided by 4?
1
Calculate the remainder when 1832 is divided by 107.
13
What is the remainder when 571 is divided by 11?
10
What is the remainder when 93 is divided by 55?
38
Calculate the remainder when 1998 is divided by 43.
20
Calculate the remainder when 30 is divided by 8.
6
Calculate the remainder when 2390 is divided by 265.
5
What is the remainder when 295 is divided by 40?
15
What is the remainder when 82 is divided by 57?
25
Calculate the remainder when 72 is divided by 10.
2
What is the remainder when 176 is divided by 72?
32
What is the remainder when 309 is divided by 78?
75
What is the remainder when 92 is divided by 12?
8
What is the remainder when 38839 is divided by 33?
31
What is the remainder when 437 is divided by 73?
72
What is the remainder when 277 is divided by 3?
1
What is the remainder when 867 is divided by 125?
117
Calculate the remainder when 1023 is divided by 181.
118
Calculate the remainder when 413 is divided by 352.
61
What is the remainder when 184 is divided by 69?
46
What is the remainder when 55 is divided by 9?
1
What is the remainder when 490 is divided by 143?
61
Calculate the remainder when 2070 is divided by 122.
118
What is the remainder when 5046 is divided by 27?
24
Calculate the remainder when 2870 is divided by 125.
120
What is the remainder when 12 is divided by 8?
4
What is the remainder when 353 is divided by 89?
86
Calculate the remainder when 880 is divided by 48.
16
Calculate the remainder when 329 is divided by 166.
163
Calculate the remainder when 400 is divided by 29.
23
What is the remainder when 189 is divided by 16?
13
Calculate the remainder when 7122 is divided by 18.
12
Calculate the remainder when 262 is div